{"id":132,"date":"2025-07-09T06:40:07","date_gmt":"2025-07-09T06:40:07","guid":{"rendered":"https:\/\/ecolepourtous.ch\/?page_id=132"},"modified":"2025-08-25T06:06:04","modified_gmt":"2025-08-25T06:06:04","slug":"information-de-reference","status":"publish","type":"page","link":"https:\/\/ecolepourtous.ch\/index.php\/information-de-reference\/","title":{"rendered":"Information de r\u00e9f\u00e9rence"},"content":{"rendered":"\n<h2 class=\"wp-block-heading has-large-font-size\">Etat de Gen\u00e8ve<\/h2>\n\n\n\n<p class=\"has-small-font-size\"><a href=\"https:\/\/www.ge.ch\/document\/modification-conditions-admission-eleves-non-domicilies-geneve-rentree-2026\" target=\"_blank\" rel=\"noopener\">Modification des conditions d\u2019admission pour les \u00e9l\u00e8ves non domicili\u00e9s \u00e0 Gen\u00e8ve d\u00e8s la rentr\u00e9e 2026<\/a><\/p>\n\n\n\n<p class=\"has-small-font-size\"><a href=\"https:\/\/www.ge.ch\/document\/modification-conditions-admission-maintien-poursuite-scolarite-dans-etablissements-primaires-du-cycle-orientation-publics-genevois-0\" target=\"_blank\" rel=\"noopener\">Modification des conditions d\u2019admission, de maintien et de poursuite de scolarit\u00e9 dans les \u00e9tablissements primaires et du cycle d&#8217;orientation publics genevois<\/a><\/p>\n\n\n\n<p class=\"has-small-font-size\"><a href=\"https:\/\/www.ge.ch\/dossier\/analyser-education\/produire-donnees-chiffrees-piloter-prevoir\/previsions-effectifs-eleves\" target=\"_blank\" rel=\"noopener\">Pr\u00e9visions d&#8217;effectifs d&#8217;\u00e9l\u00e8ves<\/a><\/p>\n\n\n\n<p class=\"has-small-font-size\"><a href=\"https:\/\/www.ge.ch\/document\/foire-aux-questions-faq-esii\" data-type=\"link\" data-id=\"https:\/\/www.ge.ch\/document\/foire-aux-questions-faq-esii\" target=\"_blank\" rel=\"noopener\">FAQ &#8211; Modification des conditions d\u2019admission dans les \u00e9tablissements du secondaire II \u00e0 Gen\u00e8ve d\u00e8s la rentr\u00e9e 2026<\/a><\/p>\n\n\n\n<hr class=\"wp-block-separator has-alpha-channel-opacity\"\/>\n\n\n\n<p class=\"has-large-font-size\">Ce que disent les sciences de l&#8217;\u00e9ducation<\/p>\n\n\n\n<p>Des \u00e9tudes d\u00e9montrent que les \u00e9l\u00e8ves qui ont chang\u00e9 d\u2019\u00e9cole au cours de leur scolarit\u00e9 pr\u00e9sentent g\u00e9n\u00e9ralement de moins bons r\u00e9sultats acad\u00e9miques. Par exemple, une recherche men\u00e9e sur les \u00e9l\u00e8ves du coll\u00e8ge en France indique que la mobilit\u00e9 scolaire a un effet n\u00e9gatif significatif sur les r\u00e9sultats en lecture et en math\u00e9matiques. Les \u00e9l\u00e8ves qui changent d\u2019\u00e9tablissement ont une probabilit\u00e9 plus forte de d\u00e9crocher scolairement, et ce risque augmente avec le nombre de changements d\u2019\u00e9cole effectu\u00e9s.<a href=\"https:\/\/www.education.gouv.fr\/media\/13817\/download\" target=\"_blank\" rel=\"noreferrer noopener\">education+1<\/a><\/p>\n\n\n\n<p>En moyenne, le changement d\u2019\u00e9cole concerne surtout les \u00e9l\u00e8ves les plus fragiles : 27% des \u00e9l\u00e8ves ayant obtenu les r\u00e9sultats les plus faibles aux \u00e9valuations de fin de sixi\u00e8me ont chang\u00e9 de coll\u00e8ge, contre 12% pour ceux avec un niveau plus \u00e9lev\u00e9. Les familles motivent principalement le changement par des d\u00e9m\u00e9nagements, mais l\u2019insatisfaction vis-\u00e0-vis du coll\u00e8ge d\u2019origine reste \u00e9galement un facteur fr\u00e9quent (discipline, s\u00e9curit\u00e9 ou niveau d\u2019exigence).<a href=\"https:\/\/www.banquedesterritoires.fr\/changement-de-college-durant-la-scolarite-les-motifs-plus-ou-moins-sinceres-avances-par-les\" target=\"_blank\" rel=\"noreferrer noopener\">banquedesterritoires+1<\/a><\/p>\n\n\n\n<p>Enfin, le changement d\u2019\u00e9cole peut perturber les liens sociaux (avec les pairs et enseignants), demander une adaptation \u00e0 un nouveau milieu d\u2019apprentissage et \u00eatre associ\u00e9 \u00e0 des difficult\u00e9s scolaires accrues, comme le confirment aussi des \u00e9tudes men\u00e9es hors de France.<a href=\"https:\/\/www150.statcan.gc.ca\/n1\/pub\/89-653-x\/89-653-x2015006-fra.htm\" target=\"_blank\" rel=\"noreferrer noopener\">statcan<\/a><\/p>\n\n\n\n<p>En r\u00e9sum\u00e9, la litt\u00e9rature scientifique montre une corr\u00e9lation n\u00e9gative entre la mobilit\u00e9 scolaire et la r\u00e9ussite acad\u00e9mique, surtout chez les \u00e9l\u00e8ves d\u00e9j\u00e0 en difficult\u00e9.<a href=\"https:\/\/www.education.gouv.fr\/un-eleve-sur-cinq-change-d-etablissement-au-cours-de-sa-scolarite-au-college-1949\" target=\"_blank\" rel=\"noreferrer noopener\">education+2<\/a><\/p>\n\n\n\n<ol start=\"1\" class=\"wp-block-list\">\n<li><a href=\"https:\/\/www.education.gouv.fr\/media\/13817\/download\" target=\"_blank\" rel=\"noopener\">https:\/\/www.education.gouv.fr\/media\/13817\/download<\/a><\/li>\n\n\n\n<li><a href=\"https:\/\/www.education.gouv.fr\/un-eleve-sur-cinq-change-d-etablissement-au-cours-de-sa-scolarite-au-college-1949\" target=\"_blank\" rel=\"noopener\">https:\/\/www.education.gouv.fr\/un-eleve-sur-cinq-change-d-etablissement-au-cours-de-sa-scolarite-au-college-1949<\/a><\/li>\n\n\n\n<li><a href=\"https:\/\/www.banquedesterritoires.fr\/changement-de-college-durant-la-scolarite-les-motifs-plus-ou-moins-sinceres-avances-par-les\" target=\"_blank\" rel=\"noopener\">https:\/\/www.banquedesterritoires.fr\/changement-de-college-durant-la-scolarite-les-motifs-plus-ou-moins-sinceres-avances-par-les<\/a><\/li>\n\n\n\n<li><a href=\"https:\/\/www150.statcan.gc.ca\/n1\/pub\/89-653-x\/89-653-x2015006-fra.htm\" target=\"_blank\" rel=\"noopener\">https:\/\/www150.statcan.gc.ca\/n1\/pub\/89-653-x\/89-653-x2015006-fra.htm<\/a><\/li>\n\n\n\n<li><a href=\"https:\/\/ojs.szh.ch\/revue\/article\/view\/1218\/1378\" target=\"_blank\" rel=\"noopener\">https:\/\/ojs.szh.ch\/revue\/article\/view\/1218\/1378<\/a><\/li>\n\n\n\n<li><a href=\"https:\/\/oapub.org\/edu\/index.php\/ejes\/article\/download\/6068\/8692\" target=\"_blank\" rel=\"noopener\">https:\/\/oapub.org\/edu\/index.php\/ejes\/article\/download\/6068\/8692<\/a><\/li>\n\n\n\n<li><a href=\"https:\/\/www.projuventute.ch\/fr\/parents\/ecole-et-formation\/la-pression-de-la-performance\" target=\"_blank\" rel=\"noopener\">https:\/\/www.projuventute.ch\/fr\/parents\/ecole-et-formation\/la-pression-de-la-performance<\/a><\/li>\n\n\n\n<li><a href=\"https:\/\/www.cnesco.fr\/wp-content\/uploads\/2017\/10\/170929_performances.pdf\" target=\"_blank\" rel=\"noopener\">https:\/\/www.cnesco.fr\/wp-content\/uploads\/2017\/10\/170929_performances.pdf<\/a><\/li>\n\n\n\n<li><a href=\"http:\/\/www.unige.ch\/fapse\/SSE\/teachers\/gather-thurler\/Textes\/Textes%201993\/MGT-1993-02.html\" target=\"_blank\" rel=\"noopener\">http:\/\/www.unige.ch\/fapse\/SSE\/teachers\/gather-thurler\/Textes\/Textes%201993\/MGT-1993-02.html<\/a><\/li>\n\n\n\n<li><a href=\"https:\/\/www.skbf-csre.ch\/fileadmin\/files\/pdf\/bildungsberichte\/2023\/BiBer_2023_F.pdf\" target=\"_blank\" rel=\"noopener\">https:\/\/www.skbf-csre.ch\/fileadmin\/files\/pdf\/bildungsberichte\/2023\/BiBer_2023_F.pdf<\/a><\/li>\n\n\n\n<li><a href=\"https:\/\/tlte.paris-sorbonne.fr\/wp-content\/uploads\/2025\/02\/SINIC_Albane_Memoire.pdf\" target=\"_blank\" rel=\"noopener\">https:\/\/tlte.paris-sorbonne.fr\/wp-content\/uploads\/2025\/02\/SINIC_Albane_Memoire.pdf<\/a><\/li>\n<\/ol>\n","protected":false},"excerpt":{"rendered":"<p>Etat de Gen\u00e8ve Modification des conditions d\u2019admission pour les \u00e9l\u00e8ves non domicili\u00e9s \u00e0 Gen\u00e8ve d\u00e8s la rentr\u00e9e 2026 Modification des conditions d\u2019admission, de maintien et de poursuite de scolarit\u00e9 dans les \u00e9tablissements primaires et du cycle d&#8217;orientation publics genevois Pr\u00e9visions d&#8217;effectifs d&#8217;\u00e9l\u00e8ves FAQ &#8211; Modification des conditions d\u2019admission dans les \u00e9tablissements du secondaire II \u00e0 [&hellip;]<\/p>\n","protected":false},"author":2,"featured_media":0,"parent":0,"menu_order":0,"comment_status":"closed","ping_status":"closed","template":"","meta":{"footnotes":""},"class_list":["post-132","page","type-page","status-publish","hentry"],"_links":{"self":[{"href":"https:\/\/ecolepourtous.ch\/index.php\/wp-json\/wp\/v2\/pages\/132","targetHints":{"allow":["GET"]}}],"collection":[{"href":"https:\/\/ecolepourtous.ch\/index.php\/wp-json\/wp\/v2\/pages"}],"about":[{"href":"https:\/\/ecolepourtous.ch\/index.php\/wp-json\/wp\/v2\/types\/page"}],"author":[{"embeddable":true,"href":"https:\/\/ecolepourtous.ch\/index.php\/wp-json\/wp\/v2\/users\/2"}],"replies":[{"embeddable":true,"href":"https:\/\/ecolepourtous.ch\/index.php\/wp-json\/wp\/v2\/comments?post=132"}],"version-history":[{"count":5,"href":"https:\/\/ecolepourtous.ch\/index.php\/wp-json\/wp\/v2\/pages\/132\/revisions"}],"predecessor-version":[{"id":510,"href":"https:\/\/ecolepourtous.ch\/index.php\/wp-json\/wp\/v2\/pages\/132\/revisions\/510"}],"wp:attachment":[{"href":"https:\/\/ecolepourtous.ch\/index.php\/wp-json\/wp\/v2\/media?parent=132"}],"curies":[{"name":"wp","href":"https:\/\/api.w.org\/{rel}","templated":true}]}}